s = 38 + p. List the prime factors of s.
17
Let b(a) = -148*a - 8. What are the prime factors of b(-1)?
2, 5, 7
Let n = -53 + 17. Suppose 2*p + y + 35 = 138, 4*y - 262 = -5*p. Let r = p + n. List the prime factors of r.
2, 7
Let l(b) = b**3 + 8*b**2 + b + 4. What are the prime factors of l(-7)?
2, 23
Let y = 81 - 56. List the prime factors of y.
5
Suppose 21 + 9 = 5*n. Let j = 10 - n. What are the prime factors of j?
2
Let q(u) = -u**2 - 12*u - 14. Let a be q(-11). What are the prime factors of (3 + 0)*(-7)/a?
7
Suppose b - 6 + 2 = 0. Let w = -3 - -5. Suppose -w*m - b*j = -7*m + 33, -2*j = 4. List the prime factors of m.
5
Suppose -2*q + 12 + 8 = 0. List the prime factors of q.
2, 5
Suppose -y - 339 = -5*y - 3*d, -y + 2*d + 71 = 0. Let w = y + -57. What are the prime factors of w?
2, 3
List the prime factors of 16/28*(-28)/(-8).
2
Suppose -12 = 2*z - 5*z. Suppose 16 = 4*b - z*i, -2*i + 16 = 2*i. What are the prime factors of b?
2
Let c be (6/5)/((-1)/10). Let v be (-3)/(-9)*(-3 - 0). Let y = v - c. List the prime factors of y.
11
List the prime factors of -4 - (-368)/24 - 8/6.
2, 5
Suppose 3*x = -0*x. Suppose 3*t - 5*t = x. Suppose 10 = 5*c - t*c. List the prime factors of c.
2
Let g be (-2)/(-6)*84/(-4). Let x = 1 - g. Suppose -2*f = -5*o - x, -f + 0*o = 2*o - 13. What are the prime factors of f?
3
List the prime factors of 18/108 + 653/6.
109
Let j be ((-5)/2)/5*0. Let m = 6 + j. Suppose -3*y = -0*y - m. List the prime factors of y.
2
Let p = 7 + 6. List the prime factors of p.
13
Suppose 2*j - c - 30 = 0, -17 - 10 = -3*j - 3*c. What are the prime factors of j?
13
Let k(v) = -v**2 + 6*v + 3. Suppose -3*x + 9 + 10 = -2*n, -4*x - 8 = 4*n. Let i be k(x). Let f = 24 - i. List the prime factors of f.
2, 3
Let r(v) = v**3 + 6*v**2 - 5*v - 7. Let c = -5 + -2. Let x be r(c). List the prime factors of 4/14 - 36/x.
2
Let w be (6/3 + -3)*1. Let l = w + 16. List the prime factors of l.
3, 5
Suppose k + 29 = 254. List the prime factors of k.
3, 5
Suppose -2*s = 4*p + 8, 5*s = -5*p - 1 - 9. Let x be (10 - -3) + s/2. Let u = -1 + x. List the prime factors of u.
2, 3
Let k(n) = n**2 - 4*n - 6. Suppose 3*r - 4*r + 28 = 5*c, 22 = 2*c - 5*r. Let w be k(c). Suppose -w*i + 20 = -2*i. List the prime factors of i.
5
Let n be 2*3/6*2. Let j be (-1)/n*(3 - -3). Let t = j - -7. List the prime factors of t.
2
Suppose 200 = 2*z + 2*b, -b - 3*b - 300 = -3*z. What are the prime factors of z?
2, 5
Let j = 6 - 3. Let z be 3 + (j - 1) + -3. Suppose -r - z*r = -30. List the prime factors of r.
2, 5
Let g = 211 + -148. List the prime factors of g.
3, 7
Let p(n) = -2 + n - 2 + 0*n. Let w be p(3). Let s = 6 - w. What are the prime factors of s?
7
Suppose j - 4*z = 305, -3*j + 586 = -j + 4*z. Let h be j/(-6) - (-2)/(-4). Let i = 70 + h. What are the prime factors of i?
2, 5
What are the prime factors of 90/7*42/9?
2, 3, 5
What are the prime factors of (21/(-6))/(2/(-12))?
3, 7
Suppose 0 = -0*u - 2*u + 10, -3*w + 11 = -5*u. List the prime factors of w.
2, 3
Let a = -4 - -2. What are the prime factors of a + (-2 + 2 - -7)?
5
Let r be (-3)/(-9) + (-1)/3. Suppose 3*h - 2*h + 4 = r. What are the prime factors of (2 - (-6)/h)*22?
11
Suppose m + 5 = 1, -4*m + 96 = 2*x. What are the prime factors of x?
2, 7
What are the prime factors of 4/6*(332 - 5)?
2, 109
Suppose -28 = -3*l - 2*x, -l = l - x - 21. List the prime factors of l.
2, 5
Let u be (8 - 5) + (-1)/1. Suppose 3*i - d = 25, -u*i - 5 = 3*d - 40. Let s = -1 + i. What are the prime factors of s?
3
Suppose 2*s + 0*s = 8. Suppose 86 - 26 = s*l. Let m = -6 + l. List the prime factors of m.
3
Suppose -o + 6 + 8 = 0. What are the prime factors of o?
2, 7
Suppose -5*w + 1008 = 4*w. List the prime factors of w.
2, 7
Let v = 34 + -7. Suppose -v - 21 = -2*x. What are the prime factors of x?
2, 3
Let q = 2 - 0. Let r = q - 1. List the prime factors of 76/8 + r/2.
2, 5
Let g = 3 + 4. Suppose g*w = 4*w - 18. Let j = 8 + w. What are the prime factors of j?
2
Suppose -11 = 3*k - 4*k. Suppose -5*o - k = -1. Let r(f) = -5*f + 1. List the prime factors of r(o).
11
Suppose 3*z - 4*z = 0. Suppose z = 4*q + 2*h + 2, -5*q + 0*h + 2*h + 20 = 0. List the prime factors of q.
2
Let d(r) = -r. Suppose 45 = 5*z + 5*b, -2*z - 4*b = -32 + 12. Suppose -2*c = -4*c - z. List the prime factors of d(c).
2
Suppose 0 = 4*x - 4 - 8. Suppose -5*f + 172 = -3*m, x*f - 2*f = -2*m + 37. What are the prime factors of f?
5, 7
Let x(s) = s**3 - 10*s**2 + s - 5. Suppose 2*y + 0*y = 20. What are the prime factors of x(y)?
5
Suppose 2*o = 3*n - 1 - 3, -2*n + 7 = 3*o. Suppose n - 26 = 4*g. Let k = g + 10. List the prime factors of k.
2
Let j = 1 - 29. Let a = -15 - j. List the prime factors of a.
13
Let n(x) = -x**3 - 5*x**2 - 6*x. Let g be n(-4). Let p(b) = 3*b - 1. Let k be p(9). Let m = k - g. What are the prime factors of m?
2, 3
Let a = 25 + 38. What are the prime factors of a?
3, 7
Let i = -273 + 490. What are the prime factors of i?
7, 31
Let j be 4/(-8) + 138/4. Suppose -2*g + j = -2*f, -5*g + 3*f + 0*f + 91 = 0. List the prime factors of g.
2, 5
Let h(m) = m**3 + 11. Let x be h(0). Let r = x - 7. Suppose -3*g - 4 = -r*g. List the prime factors of g.
2
Let w(u) be the second derivative of u**3/6 + 11*u**2/2 + u. Let g be w(-6). Suppose 2 = d + 5*q - 10, g*d + 2*q = 37. List the prime factors of d.
7
Let w = 6 + 0. What are the prime factors of 18/w + (3 - 1)?
5
Let a = -20 + 43. What are the prime factors of a?
23
Let c = -36 + 76. Suppose -5*z + 5 = -c. List the prime factors of z.
3
Let k(m) = 7*m**2 + 6*m + 1. Let w(c) = -c**2 - c. Let g(i) = k(i) + 6*w(i). Let y = -1 + 4. List the prime factors of g(y).
2, 5
Let t = 0 - -1. Let b be 0 + -1 + 5/t. Suppose -b*h + 58 - 18 = 0. List the prime factors of h.
2, 5
Suppose 5*t - q - 8 = 0, 8*q - 14 = -2*t + 3*q. Suppose -4*u + j + 33 = 0, -3*j = -t*j + 5. Let f = u + 2. What are the prime factors of f?
3
Suppose 0 = -5*r + 3*l + l + 15, -5*r + 60 = 5*l. Suppose 0 = 3*n - 4*q - 6, 2*n = r*n - 3*q - 10. List the prime factors of n.
2
Let p = 49 - 23. Suppose -3*d + z + 33 = 0, 4*d + 4*z - p = 2. What are the prime factors of d?
2, 5
Let n be ((-84)/70)/(2/(-5)). Suppose 35 = 5*x + 5. List the prime factors of ((-56)/x)/((-2)/n).
2, 7
Let w be (3/6)/(3/(-6)). What are the prime factors of 0/(-2) + (w - -8)?
7
List the prime factors of 207*3/15 + 16/(-40).
41
Let r be 1/((-7)/3 + 2). List the prime factors of (-1)/((9/15)/r).
5
Let z(u) = 7*u**2 + 18*u - 3. List the prime factors of z(-6).
3, 47
Let s be (-8)/(-6)*63/6. Suppose -3 = 3*j - 0, 0 = r + 4*j - s. Suppose 0 = 3*h - r - 0. What are the prime factors of h?
2, 3
Let b(n) = 10 - n**2 + 8*n**2 + 0*n**3 + 7*n - n**3. Let v be b(8). Suppose -9 = -5*s - v*i - i, 6 = -3*i. What are the prime factors of s?
3
Let s = -5 + 5. Suppose s = -5*c + 8 + 17. List the prime factors of c.
5
Let o be 3 - 2 - (2 + -4). Suppose 8*b - 3*b = 3*q + 4, -4*b + 14 = o*q. What are the prime factors of b?
2
What are the prime factors of ((-179)/(-3) + 4)*3?
191
Suppose -4*x = x + 35. Let i(n) = n + 5. Let l(r) = -12*r - 66. Let h(t) = -27*i(t) - 2*l(t). What are the prime factors of h(x)?
2, 3
List the prime factors of (6/(-4))/(12/(-2176) - 0).
2, 17
Let y(a) = -a**2 + 6. Let t be (-2)/4 - 3/(-6). What are the prime factors of y(t)?
2, 3
Suppose -d = 2*d + 9. What are the prime factors of 1 - (3/d - 0)?
2
Suppose 4*c - 72 = -3*d - 5, 80 = 4*d + 3*c. What are the prime factors of d?
17
Let s(y) = y**2 - 10*y - 9. Let x be s(10). Let p = x + 26. List the prime factors of p.
17
Let m(o) = -o**3 + 9*o**2 + 2*o - 4. List the prime factors of m(9).
2, 7
Let k = -14 - -31. List the prime factors of k.
17
Suppose -4 = 5*v + 21. What are the prime factors of (-10)/25 + (-157)/v?
31
Suppose 0 = -4*d + p + 49 - 1198, 3*d - 5*p + 849 = 0. Let a be (d/10)/((-3)/10). Suppose -a = -5*m - 11. List the prime factors of m.
17
List the prime factors of 20*-2*(-15)/10.
2, 3, 5
Let q be 22 + -1 + 2/2. Let i = q + -16. List the prime factors of i.
2, 3
Suppose -4*g + 5*g + 7 = -3*o, 6 = -2*g - 4*o. Let k(n) be the third derivative of n**4/12 + 7*n**3/6 + 3*n**2. List the prime factors of k(g).
17
Let d = -71 - -125. List the prime factors of d.
2, 3
Suppose h = -3*d + 88, d + 3*h = 5 + 19. List the prime factors of